hest common factor of 152 and 380?
76
What is the greatest common factor of 33 and 44748?
33
Calculate the highest common factor of 40 and 1550.
10
Calculate the greatest common factor of 500 and 400.
100
What is the greatest common factor of 812 and 2668?
116
What is the greatest common factor of 4 and 1?
1
What is the highest common factor of 90 and 7578?
18
What is the greatest common divisor of 300 and 1075?
25
Calculate the highest common factor of 618 and 515.
103
What is the highest common divisor of 88 and 16?
8
What is the greatest common divisor of 207 and 276?
69
What is the highest common factor of 494 and 182?
26
Calculate the greatest common factor of 181 and 7.
1
What is the highest common factor of 58 and 10324?
58
Calculate the greatest common divisor of 132 and 165.
33
Calculate the highest common divisor of 70 and 790.
10
What is the highest common factor of 598 and 26?
26
Calculate the highest common factor of 65 and 143.
13
What is the highest common factor of 27 and 23796?
9
What is the highest common divisor of 1419 and 132?
33
Calculate the greatest common divisor of 56 and 182.
14
What is the greatest common divisor of 12 and 48?
12
Calculate the highest common divisor of 8 and 28568.
8
What is the greatest common divisor of 12 and 708?
12
What is the greatest common divisor of 558 and 62?
62
Calculate the greatest common divisor of 203 and 58.
29
Calculate the greatest common divisor of 7662 and 12.
6
Calculate the greatest common divisor of 392 and 252.
28
Calculate the highest common divisor of 60 and 12.
12
Calculate the greatest common factor of 14580 and 120.
60
Calculate the greatest common divisor of 57 and 12.
3
What is the greatest common divisor of 620 and 372?
124
What is the greatest common divisor of 144 and 36?
36
What is the highest common divisor of 11 and 803?
11
Calculate the greatest common divisor of 22 and 55.
11
What is the greatest common divisor of 1960 and 77?
7
What is the highest common divisor of 18 and 1458?
18
Calculate the greatest common factor of 1462 and 559.
43
What is the highest common factor of 432 and 45?
9
What is the highest common divisor of 7 and 175?
7
Calculate the highest common factor of 3477 and 798.
57
Calculate the greatest common factor of 84 and 14.
14
What is the greatest common factor of 87 and 1334?
29
What is the greatest common factor of 120 and 45?
15
Calculate the highest common factor of 2173 and 123.
41
What is the greatest common divisor of 22 and 2035?
11
What is the greatest common factor of 24 and 2616?
24
Calculate the greatest common factor of 210 and 4305.
105
What is the highest common divisor of 15228 and 9?
9
What is the highest common divisor of 10 and 85?
5
What is the highest common factor of 96 and 704?
32
Calculate the greatest common divisor of 1554 and 42.
42
What is the highest common divisor of 20 and 8380?
20
What is the greatest common divisor of 226 and 2?
2
Calculate the highest common divisor of 224 and 32.
32
Calculate the highest common divisor of 221 and 65.
13
What is the highest common factor of 36 and 156?
12
What is the highest common factor of 325 and 575?
25
What is the greatest common divisor of 22 and 24948?
22
Calculate the greatest common divisor of 132 and 242.
22
What is the greatest common divisor of 46 and 69?
23
What is the greatest common divisor of 42 and 12?
6
What is the greatest common factor of 11 and 3?
1
What is the highest common factor of 6 and 1383?
3
What is the greatest common factor of 10679 and 118?
59
What is the highest common divisor of 96 and 3984?
48
Calculate the highest common factor of 18 and 1494.
18
Calculate the highest common divisor of 27366 and 3.
3
What is the greatest common factor of 189 and 297?
27
What is the highest common divisor of 1134 and 84?
42
Calculate the greatest common divisor of 36 and 684.
36
What is the highest common factor of 2496 and 96?
96
What is the greatest common divisor of 1624 and 87?
29
Calculate the greatest common factor of 5064 and 24.
24
What is the highest common divisor of 4543 and 154?
77
Calculate the highest common factor of 18 and 19638.
18
What is the greatest common factor of 11 and 3432?
11
Calculate the highest common divisor of 60 and 5232.
12
Calculate the highest common divisor of 12 and 222.
6
Calculate the greatest common factor of 396 and 4532.
44
Calculate the greatest common divisor of 100 and 1120.
20
What is the greatest common divisor of 34 and 136?
34
What is the greatest common factor of 12 and 38?
2
What is the highest common divisor of 94 and 423?
47
What is the greatest common factor of 3198 and 117?
39
What is the highest common divisor of 110 and 44?
22
Calculate the highest common divisor of 35 and 100.
5
What is the greatest common factor of 161 and 23?
23
What is the highest common divisor of 14 and 1498?
14
Calculate the highest common divisor of 4913 and 17.
17
What is the highest common divisor of 2101 and 33?
11
Calculate the greatest common factor of 275 and 1760.
55
Calculate the greatest common divisor of 1316 and 28.
28
Calculate the highest common factor of 1885 and 26.
13
Calculate the greatest common divisor of 272 and 34.
34
What is the highest common divisor of 9 and 10953?
9
What is the highest common divisor of 96 and 1312?
32
Calculate the highest common divisor of 102 and 84048.
102
What is the highest common factor of 56 and 140?
28
Calculate the greatest common divisor of 6228 and 27.
9
What is the highest common factor of 70 and 2674?
14
Calculate the greatest common factor of 472 and 8.
8
Calculate the greatest common factor of 506 and 88.
22
What is the highest common divisor of 8507 and 47?
47
What is the highest common divisor of 1160 and 8?
8
What is the greatest common factor of 16 and 976?
16
What is the highest common divisor of 1653 and 174?
87
Calculate the greatest common divisor of 160 and 65.
5
What is the highest common divisor of 10317 and 513?
57
Calculate the greatest common divisor of 84 and 9.
3
Calculate the highest common divisor of 56 and 3976.
56
What is the highest common divisor of 850 and 1750?
50
What is the highest common divisor of 76 and 1007?
19
What is the highest common factor of 87 and 141?
3
What is the greatest common divisor of 55 and 25?
5
What is the greatest common divisor of 447 and 12?
3
Calculate the highest common factor of 4 and 1822.
2
What is the greatest common factor of 27 and 144?
9
Calculate the greatest common factor of 55 and 935.
55
Calculate the greatest common divisor of 1 and 3550.
1
Calculate the highest common factor of 207 and 391.
23
Calculate the greatest common factor of 368 and 16.
16
What is the highest common factor of 44 and 7612?
44
Calculate the greatest common divisor of 904 and 8.
8
What is the highest common factor of 70 and 16765?
35
Calculate the greatest common factor of 651 and 744.
93
Calculate the highest common factor of 12 and 51.
3
What is the highest common divisor of 113 and 2?
1
What is the greatest common divisor of 5 and 60?
5
What is the highest common divisor of 4541 and 57?
19
Calculate the highest common divisor of 927 and 824.
103
Calculate the highest common factor of 288 and 256.
32
What is the greatest common divisor of 2856 and 112?
56
Calculate the greatest common factor of 36 and 171.
9
Calculate the greatest common factor of 5 and 130.
5
What is the highest common divisor of 195 and 1305?
15
Calculate the greatest common divisor of 1558 and 1394.
82
Calculate the highest common divisor of 869 and 79.
79
What is the greatest common factor of 31 and 31?
31
What is the highest common factor of 242 and 418?
22
Calculate the greatest common divisor of 264 and 1914.
66
What is the highest common factor of 840 and 175?
35
Calculate the highest common divisor of 48 and 276.
12
What is the highest common divisor of 600 and 140?
20
What is the greatest common divisor of 608 and 64?
32
What is the greatest common factor of 40 and 320?
40
What is the highest common divisor of 12 and 1536?
12
What is the greatest common factor of 3901 and 83?
83
Calculate the greatest common factor of 22320 and 20.
20
What is the greatest common factor of 104 and 1144?
104
What is the highest common divisor of 14 and 126?
14
Calculat